{"id":3587,"date":"2020-04-17T07:38:44","date_gmt":"2020-04-17T05:38:44","guid":{"rendered":"http:\/\/wp.hartkorn-gewuerze.de\/wp1\/?page_id=3587"},"modified":"2023-07-14T12:26:44","modified_gmt":"2023-07-14T10:26:44","slug":"gewuerz-informationen","status":"publish","type":"page","link":"https:\/\/hartkorn-gewuerze.de\/unternehmen\/gewuerz-informationen\/","title":{"rendered":"Gew\u00fcrz Informationen"},"content":{"rendered":"<p><div class=\"fusion-fullwidth fullwidth-box fusion-builder-row-1 nonhundred-percent-fullwidth non-hundred-percent-height-scrolling\" style=\"--awb-border-radius-top-left:0px;--awb-border-radius-top-right:0px;--awb-border-radius-bottom-right:0px;--awb-border-radius-bottom-left:0px;--awb-flex-wrap:wrap;\" ><div class=\"fusion-builder-row fusion-row\"><div class=\"fusion-layout-column fusion_builder_column fusion-builder-column-0 fusion_builder_column_1_1 1_1 fusion-one-full fusion-column-first fusion-column-last\" style=\"--awb-bg-size:cover;\"><div class=\"fusion-column-wrapper fusion-column-has-shadow fusion-flex-column-wrapper-legacy\"><div class=\"fusion-title title fusion-title-1 fusion-sep-none fusion-title-text fusion-title-size-one\" style=\"--awb-margin-top-small:10px;--awb-margin-right-small:0px;--awb-margin-bottom-small:10px;--awb-margin-left-small:0px;\"><h1 class=\"fusion-title-heading title-heading-left fusion-responsive-typography-calculated\" style=\"margin:0;--fontSize:40;line-height:1.14;\">Gew\u00fcrz-Informationen<\/h1><\/div><div class=\"fusion-text fusion-text-1\" style=\"--awb-text-transform:none;\"><p>Wir verwenden ausschlie\u00dflich hochwertige Rohstoffe. Unsere Produkte sind voller Geschmack. In unserem Gew\u00fcrz Sortiment findet ihr daher keine Gew\u00fcrzaromazubereitungen\/-salze sowie jegliche Form von W\u00fcrzmischungen. Um mehr zum Thema Rohstoffe, Zertifizierung und Klassifikationen zu Erfahren haben wir einige Informationen zusammen gestellt. Hast du weitere Fragen? <a href=\"https:\/\/hartkorn-gewuerze.de\/unternehmen\/contact-us\/?utm_source=Unternehmen&amp;utm_medium=gewuerz-informationen&amp;utm_campaign=text-kontaktiere-uns-gerne\">Kontaktiere uns gerne.<\/a><\/p>\n<\/div><div class=\"fusion-clearfix\"><\/div><\/div><\/div><\/div><\/div><div class=\"fusion-fullwidth fullwidth-box fusion-builder-row-2 nonhundred-percent-fullwidth non-hundred-percent-height-scrolling\" style=\"--awb-border-radius-top-left:0px;--awb-border-radius-top-right:0px;--awb-border-radius-bottom-right:0px;--awb-border-radius-bottom-left:0px;--awb-flex-wrap:wrap;\" ><div class=\"fusion-builder-row fusion-row\"><div class=\"fusion-layout-column fusion_builder_column fusion-builder-column-1 fusion_builder_column_1_1 1_1 fusion-one-full fusion-column-first fusion-column-last\" style=\"--awb-bg-size:cover;--awb-margin-bottom:0px;\"><div class=\"fusion-column-wrapper fusion-column-has-shadow fusion-flex-column-wrapper-legacy\"><div class=\"fusion-tabs fusion-tabs-1 classic vertical-tabs icon-position-left mobile-mode-accordion\" style=\"--awb-title-border-radius-top-left:0px;--awb-title-border-radius-top-right:0px;--awb-title-border-radius-bottom-right:0px;--awb-title-border-radius-bottom-left:0px;--awb-alignment:start;--awb-inactive-color:#f9f9fb;--awb-background-color:#ffffff;--awb-border-color:#e2e2e2;--awb-active-border-color:#c11f1a;\"><div class=\"nav\"><ul class=\"nav-tabs\" role=\"tablist\" aria-orientation=\"vertical\"><li class=\"active\" role=\"presentation\"><a class=\"tab-link\" data-toggle=\"tab\" role=\"tab\" aria-controls=\"tab-38dd2f617a472374f7b\" aria-selected=\"true\" tabindex=\"0\" id=\"fusion-tab-38dd2f617a472374f7b\" href=\"#tab-38dd2f617a472374f7b\"><h2 class=\"fusion-tab-heading\">Zertifizierung<\/h2><\/a><\/li><li  role=\"presentation\"><a class=\"tab-link\" data-toggle=\"tab\" role=\"tab\" aria-controls=\"tab-4317963cad4fb91f0e7\" aria-selected=\"false\" tabindex=\"-1\" id=\"fusion-tab-4317963cad4fb91f0e7\" href=\"#tab-4317963cad4fb91f0e7\"><h2 class=\"fusion-tab-heading\">Rohstoffe<\/h2><\/a><\/li><li  role=\"presentation\"><a class=\"tab-link\" data-toggle=\"tab\" role=\"tab\" aria-controls=\"tab-7890db4510c0b902bf0\" aria-selected=\"false\" tabindex=\"-1\" id=\"fusion-tab-7890db4510c0b902bf0\" href=\"#tab-7890db4510c0b902bf0\"><h2 class=\"fusion-tab-heading\">Haltbarkeit<\/h2><\/a><\/li><li  role=\"presentation\"><a class=\"tab-link\" data-toggle=\"tab\" role=\"tab\" aria-controls=\"tab-779c098eb7ff29eac81\" aria-selected=\"false\" tabindex=\"-1\" id=\"fusion-tab-779c098eb7ff29eac81\" href=\"#tab-779c098eb7ff29eac81\"><h2 class=\"fusion-tab-heading\">Gew\u00fcrzklassifikation<\/h2><\/a><\/li><li  role=\"presentation\"><a class=\"tab-link\" data-toggle=\"tab\" role=\"tab\" aria-controls=\"tab-40388d39168c070db1a\" aria-selected=\"false\" tabindex=\"-1\" id=\"fusion-tab-40388d39168c070db1a\" href=\"#tab-40388d39168c070db1a\"><h2 class=\"fusion-tab-heading\">Zusatzstoffe<\/h2><\/a><\/li><li  role=\"presentation\"><a class=\"tab-link\" data-toggle=\"tab\" role=\"tab\" aria-controls=\"tab-6bbeebfc46f825272ab\" aria-selected=\"false\" tabindex=\"-1\" id=\"fusion-tab-6bbeebfc46f825272ab\" href=\"#tab-6bbeebfc46f825272ab\"><h2 class=\"fusion-tab-heading\">Leitfaden der Gew\u00fcrze<\/h2><\/a><\/li><\/ul><\/div><div class=\"tab-content\"><div class=\"nav fusion-mobile-tab-nav\"><ul class=\"nav-tabs\" role=\"tablist\" aria-orientation=\"vertical\"><li class=\"active\" role=\"presentation\"><a class=\"tab-link\" data-toggle=\"tab\" role=\"tab\" aria-controls=\"tab-38dd2f617a472374f7b\" aria-selected=\"true\" tabindex=\"0\" id=\"mobile-fusion-tab-38dd2f617a472374f7b\" href=\"#tab-38dd2f617a472374f7b\"><h2 class=\"fusion-tab-heading\">Zertifizierung<\/h2><\/a><\/li><\/ul><\/div><div class=\"tab-pane fade fusion-clearfix in active\" role=\"tabpanel\" tabindex=\"0\" aria-labelledby=\"fusion-tab-38dd2f617a472374f7b\" id=\"tab-38dd2f617a472374f7b\">\n<p>Wir lassen uns freiwillig von einem unabh\u00e4ngigen Institut gem\u00e4\u00df strengen Richtlinien auditieren. Hierbei handelt es sich um den international \u00e4u\u00dferst anerkannten International Featured Standard \u2013 IFS, sowie die BIO Zertifizierung nach EG Verordnung. <a href=\"https:\/\/hartkorn-gewuerze.de\/unternehmen\/zertifizierung\/?utm_source=Unternehmen&amp;utm_medium=gewuerz-informationen&amp;utm_campaign=text-zertifizierung-\u00fcber-unsere-zertifizierungen\">Hier kannst du alles \u00fcber unsere Zertifizierungen lesen &#8230;<\/a><\/p>\n<\/div><div class=\"nav fusion-mobile-tab-nav\"><ul class=\"nav-tabs\" role=\"tablist\" aria-orientation=\"vertical\"><li  role=\"presentation\"><a class=\"tab-link\" data-toggle=\"tab\" role=\"tab\" aria-controls=\"tab-4317963cad4fb91f0e7\" aria-selected=\"false\" tabindex=\"-1\" id=\"mobile-fusion-tab-4317963cad4fb91f0e7\" href=\"#tab-4317963cad4fb91f0e7\"><h2 class=\"fusion-tab-heading\">Rohstoffe<\/h2><\/a><\/li><\/ul><\/div><div class=\"tab-pane fade fusion-clearfix\" role=\"tabpanel\" tabindex=\"0\" aria-labelledby=\"fusion-tab-4317963cad4fb91f0e7\" id=\"tab-4317963cad4fb91f0e7\">\n<p>Die Auswahl guter Lieferanten und Produzenten, sowie die jahrelange Erfahrung im Einkauf und in der Qualit\u00e4tskontrolle unserer Rohstoffe, garantieren dir eine hervorragende Qualit\u00e4t, einzigartige Geschmacksexplosionen und eine gute Bek\u00f6mmlichkeit. <a href=\"https:\/\/hartkorn-gewuerze.de\/unternehmen\/rohstoffe\/?utm_source=Unternehmen&amp;utm_medium=gewuerz-informationen&amp;utm_campaign=text-rohstoffe-informationen\">Hier bekommst du weitere Informationen &#8230;<\/a><\/p>\n<\/div><div class=\"nav fusion-mobile-tab-nav\"><ul class=\"nav-tabs\" role=\"tablist\" aria-orientation=\"vertical\"><li  role=\"presentation\"><a class=\"tab-link\" data-toggle=\"tab\" role=\"tab\" aria-controls=\"tab-7890db4510c0b902bf0\" aria-selected=\"false\" tabindex=\"-1\" id=\"mobile-fusion-tab-7890db4510c0b902bf0\" href=\"#tab-7890db4510c0b902bf0\"><h2 class=\"fusion-tab-heading\">Haltbarkeit<\/h2><\/a><\/li><\/ul><\/div><div class=\"tab-pane fade fusion-clearfix\" role=\"tabpanel\" tabindex=\"0\" aria-labelledby=\"fusion-tab-7890db4510c0b902bf0\" id=\"tab-7890db4510c0b902bf0\">\n<p>Die Haltbarkeit von Gew\u00fcrzen und Kr\u00e4utern ist abh\u00e4ngig von ihrer Aufbewahrung und Lagerung. Auf lange Dauer kann Aromasicherheit und -stabilit\u00e4t nur durch eine geeignete Lichtschutz-Verpackung erfolgen um oxidative Abbauprozesse zu verhindern. <a href=\"https:\/\/hartkorn-gewuerze.de\/unternehmen\/haltbarkeit\/?utm_source=Unternehmen&amp;utm_medium=gewuerz-informationen&amp;utm_campaign=text-haltbarkeit-lies-mehr\">Lese hier mehr \u00fcber die Hartkorn Haltbarkeits-Garantie &#8230;<\/a><\/p>\n<\/div><div class=\"nav fusion-mobile-tab-nav\"><ul class=\"nav-tabs\" role=\"tablist\" aria-orientation=\"vertical\"><li  role=\"presentation\"><a class=\"tab-link\" data-toggle=\"tab\" role=\"tab\" aria-controls=\"tab-779c098eb7ff29eac81\" aria-selected=\"false\" tabindex=\"-1\" id=\"mobile-fusion-tab-779c098eb7ff29eac81\" href=\"#tab-779c098eb7ff29eac81\"><h2 class=\"fusion-tab-heading\">Gew\u00fcrzklassifikation<\/h2><\/a><\/li><\/ul><\/div><div class=\"tab-pane fade fusion-clearfix\" role=\"tabpanel\" tabindex=\"0\" aria-labelledby=\"fusion-tab-779c098eb7ff29eac81\" id=\"tab-779c098eb7ff29eac81\">\n<p>Ein Qualit\u00e4tsmerkmal von Mischungen aus Gew\u00fcrzen und Kr\u00e4utern sind die vorgeschriebenen Kategorisierungen. Jede Mischung muss einer Kategorien zugeordnet sein. <a href=\"https:\/\/hartkorn-gewuerze.de\/unternehmen\/gewuerzklassifikation\/?utm_source=Unternehmen&amp;utm_medium=gewuerz-informationen&amp;utm_campaign=text-klassifikation-erl\u00e4utern\">Hier erl\u00e4utern wir die verschiedenen Klassifikationen &#8230;<\/a><\/p>\n<\/div><div class=\"nav fusion-mobile-tab-nav\"><ul class=\"nav-tabs\" role=\"tablist\" aria-orientation=\"vertical\"><li  role=\"presentation\"><a class=\"tab-link\" data-toggle=\"tab\" role=\"tab\" aria-controls=\"tab-40388d39168c070db1a\" aria-selected=\"false\" tabindex=\"-1\" id=\"mobile-fusion-tab-40388d39168c070db1a\" href=\"#tab-40388d39168c070db1a\"><h2 class=\"fusion-tab-heading\">Zusatzstoffe<\/h2><\/a><\/li><\/ul><\/div><div class=\"tab-pane fade fusion-clearfix\" role=\"tabpanel\" tabindex=\"0\" aria-labelledby=\"fusion-tab-40388d39168c070db1a\" id=\"tab-40388d39168c070db1a\">\n<p>Unsere Rohstoffe werden weitestgehend naturbelassen verarbeitet und veredelt ohne \u00fcberfl\u00fcssige Geschmacksverst\u00e4rker, Hefeextrakte, Antioxidantien oder S\u00fc\u00dfungsmittel. <a href=\"https:\/\/hartkorn-gewuerze.de\/unternehmen\/zusatzstoffe\/?utm_source=Unternehmen&amp;utm_medium=gewuerz-informationen&amp;utm_campaign=text-zustatzstoffe-mehr-erfaehrst-du-hier\">Mehr dazu erf\u00e4hrst du hier.<\/a><\/p>\n<\/div><div class=\"nav fusion-mobile-tab-nav\"><ul class=\"nav-tabs\" role=\"tablist\" aria-orientation=\"vertical\"><li  role=\"presentation\"><a class=\"tab-link\" data-toggle=\"tab\" role=\"tab\" aria-controls=\"tab-6bbeebfc46f825272ab\" aria-selected=\"false\" tabindex=\"-1\" id=\"mobile-fusion-tab-6bbeebfc46f825272ab\" href=\"#tab-6bbeebfc46f825272ab\"><h2 class=\"fusion-tab-heading\">Leitfaden der Gew\u00fcrze<\/h2><\/a><\/li><\/ul><\/div><div class=\"tab-pane fade fusion-clearfix\" role=\"tabpanel\" tabindex=\"0\" aria-labelledby=\"fusion-tab-6bbeebfc46f825272ab\" id=\"tab-6bbeebfc46f825272ab\">\n<p>Super einfach und schnell: Die Qualit\u00e4t eines reinen Gew\u00fcrzes bzw. einer Mischung und Kr\u00e4utern k\u00f6nnt ihr ganz flott selbst einordnen. Keine Ahnung, wie das funktionieren soll? Kein Problem! Daf\u00fcr steht euch unser Qualit\u00e4tsleitfaden f\u00fcr reine Gew\u00fcrze und Mischungen sowie von Kr\u00e4utern zur Verf\u00fcgung. <a href=\"https:\/\/hartkorn-gewuerze.de\/unternehmen\/leitfaden-der-gewuerze\/?utm_source=Unternehmen&amp;utm_medium=gewuerz-informationen&amp;utm_campaign=text-leitfaden-lese-hier-weiter\">Lese hier weiter &#8230;<\/a><\/p>\n<\/div><\/div><\/div><div class=\"fusion-clearfix\"><\/div><\/div><\/div><\/div><\/div><div class=\"fusion-fullwidth fullwidth-box fusion-builder-row-3 nonhundred-percent-fullwidth non-hundred-percent-height-scrolling\" style=\"--awb-border-radius-top-left:0px;--awb-border-radius-top-right:0px;--awb-border-radius-bottom-right:0px;--awb-border-radius-bottom-left:0px;--awb-flex-wrap:wrap;\" ><div class=\"fusion-builder-row fusion-row\"><div class=\"fusion-layout-column fusion_builder_column fusion-builder-column-2 fusion_builder_column_1_1 1_1 fusion-one-full fusion-column-first fusion-column-last\" style=\"--awb-bg-size:cover;\"><div class=\"fusion-column-wrapper fusion-column-has-shadow fusion-flex-column-wrapper-legacy\"><div class=\"fusion-video fusion-selfhosted-video\" style=\"max-width:100%;\"><div class=\"video-wrapper\"><video playsinline=\"true\" width=\"100%\" style=\"object-fit: cover;\" autoplay=\"true\" muted=\"true\" loop=\"true\" preload=\"auto\" controls=\"1\"><source src=\"https:\/\/hartkorn-gewuerze.de\/unternehmen\/wp-content\/uploads\/2020\/07\/gewuerze-2.mp4\" type=\"video\/mp4\">Sorry, your browser doesn&#039;t support embedded videos.<\/video><\/div><\/div><div class=\"fusion-clearfix\"><\/div><\/div><\/div><\/div><\/div><div class=\"fusion-fullwidth fullwidth-box fusion-builder-row-4 nonhundred-percent-fullwidth non-hundred-percent-height-scrolling\" style=\"--awb-border-radius-top-left:0px;--awb-border-radius-top-right:0px;--awb-border-radius-bottom-right:0px;--awb-border-radius-bottom-left:0px;--awb-flex-wrap:wrap;\" ><div class=\"fusion-builder-row fusion-row\"><div class=\"fusion-layout-column fusion_builder_column fusion-builder-column-3 fusion_builder_column_1_1 1_1 fusion-one-full fusion-column-first fusion-column-last\" style=\"--awb-bg-size:cover;\"><div class=\"fusion-column-wrapper fusion-column-has-shadow fusion-flex-column-wrapper-legacy\"><div class=\"fusion-text fusion-text-2\"><p>Hochwertige Rohstoffe<\/p>\n<p>Wer so viele Jahre wie wir Gew\u00fcrze und Kr\u00e4uter verkauft hat, kann auf ausgezeichnete Beziehungen zu langj\u00e4hrigen Lieferanten zur\u00fcckblicken. Aus diesem Grund verarbeiten wir nur die besten verf\u00fcgbaren Rohstoffe zu k\u00f6stlichen Gew\u00fcrz- und Kr\u00e4utermischungen.<br \/>\nBei allen unseren Gew\u00fcrzen und Mischungen verzichten wir bewusst auf k\u00fcnstliche und nat\u00fcrliche Geschmacksverst\u00e4rker wie Hefeextrakt und Antioxidantien und verarbeiten keine Laktose. Selbstverst\u00e4ndlich sind unsere Gew\u00fcrze Vegan!<\/p>\n<p>\u00dcberzeuge dich selbst von der hohen Qualit\u00e4t unserer Gew\u00fcrze!<\/p>\n<\/div><div class=\"fusion-button-wrapper fusion-aligncenter\"><a class=\"fusion-button button-flat fusion-button-default-size button-custom fusion-button-default button-1 fusion-button-span-no fusion-button-default-type customButton\" style=\"--button_accent_color:#ffffff;--button_accent_hover_color:#ffffff;--button_border_hover_color:#ffffff;--button_gradient_top_color:#c11f1a;--button_gradient_bottom_color:#c11f1a;--button_gradient_top_color_hover:#c11f1a;--button_gradient_bottom_color_hover:#c11f1a;\" target=\"_blank\" rel=\"noopener noreferrer\" href=\"https:\/\/hartkorn-gewuerze.de\/de\/?utm_source=Unternehmen&amp;utm_medium=gewuerz-informationen&amp;utm_campaign=button-ende-der-seite-online-shop\"><span class=\"fusion-button-icon-divider button-icon-divider-left\"><i class=\"fa-shopping-cart fas awb-button__icon awb-button__icon--default\" aria-hidden=\"true\"><\/i><\/span><span class=\"fusion-button-text awb-button__text awb-button__text--default fusion-button-text-left\">Alle Artikel im Online Shop ansehen<\/span><\/a><\/div><div class=\"fusion-clearfix\"><\/div><\/div><\/div><\/div><\/div><div class=\"fusion-fullwidth fullwidth-box fusion-builder-row-5 has-pattern-background has-mask-background nonhundred-percent-fullwidth non-hundred-percent-height-scrolling\" style=\"--awb-background-position:left top;--awb-background-repeat:repeat-x;--awb-border-sizes-top:0px;--awb-border-sizes-bottom:0px;--awb-border-sizes-left:0px;--awb-border-sizes-right:0px;--awb-border-radius-top-left:0px;--awb-border-radius-top-right:0px;--awb-border-radius-bottom-right:0px;--awb-border-radius-bottom-left:0px;--awb-padding-top:30px;--awb-padding-bottom:0px;--awb-margin-top:0px;--awb-margin-bottom:0px;--awb-flex-wrap:wrap;\" ><div class=\"fusion-builder-row fusion-row\"><\/div><\/div>\n<\/p>\n","protected":false},"excerpt":{"rendered":"","protected":false},"author":1,"featured_media":0,"parent":0,"menu_order":0,"comment_status":"closed","ping_status":"closed","template":"100-width.php","meta":{"footnotes":""},"class_list":["post-3587","page","type-page","status-publish","hentry"],"yoast_head":"<!-- This site is optimized with the Yoast SEO plugin v27.4 - https:\/\/yoast.com\/product\/yoast-seo-wordpress\/ -->\n<title>Gew\u00fcrz Informationen - Hartkorn Gew\u00fcrze<\/title>\n<meta name=\"description\" content=\"Hier findet ihr einen Leitfaden der Gew\u00fcrzklassifikationen und unsere Zertifikationen speziell im Bio Bereich.\" \/>\n<meta name=\"robots\" content=\"index, follow, max-snippet:-1, max-image-preview:large, max-video-preview:-1\" \/>\n<link rel=\"canonical\" href=\"https:\/\/hartkorn-gewuerze.de\/unternehmen\/gewuerz-informationen\/\" \/>\n<meta property=\"og:locale\" content=\"de_DE\" \/>\n<meta property=\"og:type\" content=\"article\" \/>\n<meta property=\"og:title\" content=\"Gew\u00fcrz Informationen - Hartkorn Gew\u00fcrze\" \/>\n<meta property=\"og:description\" content=\"Hier findet ihr einen Leitfaden der Gew\u00fcrzklassifikationen und unsere Zertifikationen speziell im Bio Bereich.\" \/>\n<meta property=\"og:url\" content=\"https:\/\/hartkorn-gewuerze.de\/unternehmen\/gewuerz-informationen\/\" \/>\n<meta property=\"og:site_name\" content=\"Hartkorn Gew\u00fcrze\" \/>\n<meta property=\"article:publisher\" content=\"https:\/\/de-de.facebook.com\/hartkorngewuerze\/\" \/>\n<meta property=\"article:modified_time\" content=\"2023-07-14T10:26:44+00:00\" \/>\n<meta name=\"twitter:card\" content=\"summary_large_image\" \/>\n<meta name=\"twitter:label1\" content=\"Gesch\u00e4tzte Lesezeit\" \/>\n\t<meta name=\"twitter:data1\" content=\"15\u00a0Minuten\" \/>\n<script type=\"application\/ld+json\" class=\"yoast-schema-graph\">{\"@context\":\"https:\\\/\\\/schema.org\",\"@graph\":[{\"@type\":\"WebPage\",\"@id\":\"https:\\\/\\\/hartkorn-gewuerze.de\\\/unternehmen\\\/gewuerz-informationen\\\/\",\"url\":\"https:\\\/\\\/hartkorn-gewuerze.de\\\/unternehmen\\\/gewuerz-informationen\\\/\",\"name\":\"Gew\u00fcrz Informationen - Hartkorn Gew\u00fcrze\",\"isPartOf\":{\"@id\":\"https:\\\/\\\/hartkorn-gewuerze.de\\\/unternehmen\\\/#website\"},\"datePublished\":\"2020-04-17T05:38:44+00:00\",\"dateModified\":\"2023-07-14T10:26:44+00:00\",\"description\":\"Hier findet ihr einen Leitfaden der Gew\u00fcrzklassifikationen und unsere Zertifikationen speziell im Bio Bereich.\",\"breadcrumb\":{\"@id\":\"https:\\\/\\\/hartkorn-gewuerze.de\\\/unternehmen\\\/gewuerz-informationen\\\/#breadcrumb\"},\"inLanguage\":\"de\",\"potentialAction\":[{\"@type\":\"ReadAction\",\"target\":[\"https:\\\/\\\/hartkorn-gewuerze.de\\\/unternehmen\\\/gewuerz-informationen\\\/\"]}]},{\"@type\":\"BreadcrumbList\",\"@id\":\"https:\\\/\\\/hartkorn-gewuerze.de\\\/unternehmen\\\/gewuerz-informationen\\\/#breadcrumb\",\"itemListElement\":[{\"@type\":\"ListItem\",\"position\":1,\"name\":\"Startseite\",\"item\":\"https:\\\/\\\/hartkorn-gewuerze.de\\\/unternehmen\\\/\"},{\"@type\":\"ListItem\",\"position\":2,\"name\":\"Gew\u00fcrz Informationen\"}]},{\"@type\":\"WebSite\",\"@id\":\"https:\\\/\\\/hartkorn-gewuerze.de\\\/unternehmen\\\/#website\",\"url\":\"https:\\\/\\\/hartkorn-gewuerze.de\\\/unternehmen\\\/\",\"name\":\"Hartkorn Gew\u00fcrze\",\"description\":\"Hartkorn Gew\u00fcrze Unternehmensseite\",\"publisher\":{\"@id\":\"https:\\\/\\\/hartkorn-gewuerze.de\\\/unternehmen\\\/#organization\"},\"potentialAction\":[{\"@type\":\"SearchAction\",\"target\":{\"@type\":\"EntryPoint\",\"urlTemplate\":\"https:\\\/\\\/hartkorn-gewuerze.de\\\/unternehmen\\\/?s={search_term_string}\"},\"query-input\":{\"@type\":\"PropertyValueSpecification\",\"valueRequired\":true,\"valueName\":\"search_term_string\"}}],\"inLanguage\":\"de\"},{\"@type\":\"Organization\",\"@id\":\"https:\\\/\\\/hartkorn-gewuerze.de\\\/unternehmen\\\/#organization\",\"name\":\"Hartkorn Gew\u00fcrzm\u00fchle GmbH\",\"url\":\"https:\\\/\\\/hartkorn-gewuerze.de\\\/unternehmen\\\/\",\"logo\":{\"@type\":\"ImageObject\",\"inLanguage\":\"de\",\"@id\":\"https:\\\/\\\/hartkorn-gewuerze.de\\\/unternehmen\\\/#\\\/schema\\\/logo\\\/image\\\/\",\"url\":\"https:\\\/\\\/hartkorn-gewuerze.de\\\/unternehmen\\\/wp-content\\\/uploads\\\/2020\\\/07\\\/cropped-Logo-hartkorn-144x144-1.png\",\"contentUrl\":\"https:\\\/\\\/hartkorn-gewuerze.de\\\/unternehmen\\\/wp-content\\\/uploads\\\/2020\\\/07\\\/cropped-Logo-hartkorn-144x144-1.png\",\"width\":512,\"height\":512,\"caption\":\"Hartkorn Gew\u00fcrzm\u00fchle GmbH\"},\"image\":{\"@id\":\"https:\\\/\\\/hartkorn-gewuerze.de\\\/unternehmen\\\/#\\\/schema\\\/logo\\\/image\\\/\"},\"sameAs\":[\"https:\\\/\\\/de-de.facebook.com\\\/hartkorngewuerze\\\/\",\"https:\\\/\\\/www.tiktok.com\\\/@hartkorngewuerze\",\"https:\\\/\\\/www.instagram.com\\\/hartkorngewuerze\\\/\"]}]}<\/script>\n<!-- \/ Yoast SEO plugin. -->","yoast_head_json":{"title":"Gew\u00fcrz Informationen - Hartkorn Gew\u00fcrze","description":"Hier findet ihr einen Leitfaden der Gew\u00fcrzklassifikationen und unsere Zertifikationen speziell im Bio Bereich.","robots":{"index":"index","follow":"follow","max-snippet":"max-snippet:-1","max-image-preview":"max-image-preview:large","max-video-preview":"max-video-preview:-1"},"canonical":"https:\/\/hartkorn-gewuerze.de\/unternehmen\/gewuerz-informationen\/","og_locale":"de_DE","og_type":"article","og_title":"Gew\u00fcrz Informationen - Hartkorn Gew\u00fcrze","og_description":"Hier findet ihr einen Leitfaden der Gew\u00fcrzklassifikationen und unsere Zertifikationen speziell im Bio Bereich.","og_url":"https:\/\/hartkorn-gewuerze.de\/unternehmen\/gewuerz-informationen\/","og_site_name":"Hartkorn Gew\u00fcrze","article_publisher":"https:\/\/de-de.facebook.com\/hartkorngewuerze\/","article_modified_time":"2023-07-14T10:26:44+00:00","twitter_card":"summary_large_image","twitter_misc":{"Gesch\u00e4tzte Lesezeit":"15\u00a0Minuten"},"schema":{"@context":"https:\/\/schema.org","@graph":[{"@type":"WebPage","@id":"https:\/\/hartkorn-gewuerze.de\/unternehmen\/gewuerz-informationen\/","url":"https:\/\/hartkorn-gewuerze.de\/unternehmen\/gewuerz-informationen\/","name":"Gew\u00fcrz Informationen - Hartkorn Gew\u00fcrze","isPartOf":{"@id":"https:\/\/hartkorn-gewuerze.de\/unternehmen\/#website"},"datePublished":"2020-04-17T05:38:44+00:00","dateModified":"2023-07-14T10:26:44+00:00","description":"Hier findet ihr einen Leitfaden der Gew\u00fcrzklassifikationen und unsere Zertifikationen speziell im Bio Bereich.","breadcrumb":{"@id":"https:\/\/hartkorn-gewuerze.de\/unternehmen\/gewuerz-informationen\/#breadcrumb"},"inLanguage":"de","potentialAction":[{"@type":"ReadAction","target":["https:\/\/hartkorn-gewuerze.de\/unternehmen\/gewuerz-informationen\/"]}]},{"@type":"BreadcrumbList","@id":"https:\/\/hartkorn-gewuerze.de\/unternehmen\/gewuerz-informationen\/#breadcrumb","itemListElement":[{"@type":"ListItem","position":1,"name":"Startseite","item":"https:\/\/hartkorn-gewuerze.de\/unternehmen\/"},{"@type":"ListItem","position":2,"name":"Gew\u00fcrz Informationen"}]},{"@type":"WebSite","@id":"https:\/\/hartkorn-gewuerze.de\/unternehmen\/#website","url":"https:\/\/hartkorn-gewuerze.de\/unternehmen\/","name":"Hartkorn Gew\u00fcrze","description":"Hartkorn Gew\u00fcrze Unternehmensseite","publisher":{"@id":"https:\/\/hartkorn-gewuerze.de\/unternehmen\/#organization"},"potentialAction":[{"@type":"SearchAction","target":{"@type":"EntryPoint","urlTemplate":"https:\/\/hartkorn-gewuerze.de\/unternehmen\/?s={search_term_string}"},"query-input":{"@type":"PropertyValueSpecification","valueRequired":true,"valueName":"search_term_string"}}],"inLanguage":"de"},{"@type":"Organization","@id":"https:\/\/hartkorn-gewuerze.de\/unternehmen\/#organization","name":"Hartkorn Gew\u00fcrzm\u00fchle GmbH","url":"https:\/\/hartkorn-gewuerze.de\/unternehmen\/","logo":{"@type":"ImageObject","inLanguage":"de","@id":"https:\/\/hartkorn-gewuerze.de\/unternehmen\/#\/schema\/logo\/image\/","url":"https:\/\/hartkorn-gewuerze.de\/unternehmen\/wp-content\/uploads\/2020\/07\/cropped-Logo-hartkorn-144x144-1.png","contentUrl":"https:\/\/hartkorn-gewuerze.de\/unternehmen\/wp-content\/uploads\/2020\/07\/cropped-Logo-hartkorn-144x144-1.png","width":512,"height":512,"caption":"Hartkorn Gew\u00fcrzm\u00fchle GmbH"},"image":{"@id":"https:\/\/hartkorn-gewuerze.de\/unternehmen\/#\/schema\/logo\/image\/"},"sameAs":["https:\/\/de-de.facebook.com\/hartkorngewuerze\/","https:\/\/www.tiktok.com\/@hartkorngewuerze","https:\/\/www.instagram.com\/hartkorngewuerze\/"]}]}},"_links":{"self":[{"href":"https:\/\/hartkorn-gewuerze.de\/unternehmen\/wp-json\/wp\/v2\/pages\/3587","targetHints":{"allow":["GET"]}}],"collection":[{"href":"https:\/\/hartkorn-gewuerze.de\/unternehmen\/wp-json\/wp\/v2\/pages"}],"about":[{"href":"https:\/\/hartkorn-gewuerze.de\/unternehmen\/wp-json\/wp\/v2\/types\/page"}],"author":[{"embeddable":true,"href":"https:\/\/hartkorn-gewuerze.de\/unternehmen\/wp-json\/wp\/v2\/users\/1"}],"replies":[{"embeddable":true,"href":"https:\/\/hartkorn-gewuerze.de\/unternehmen\/wp-json\/wp\/v2\/comments?post=3587"}],"version-history":[{"count":56,"href":"https:\/\/hartkorn-gewuerze.de\/unternehmen\/wp-json\/wp\/v2\/pages\/3587\/revisions"}],"predecessor-version":[{"id":13947,"href":"https:\/\/hartkorn-gewuerze.de\/unternehmen\/wp-json\/wp\/v2\/pages\/3587\/revisions\/13947"}],"wp:attachment":[{"href":"https:\/\/hartkorn-gewuerze.de\/unternehmen\/wp-json\/wp\/v2\/media?parent=3587"}],"curies":[{"name":"wp","href":"https:\/\/api.w.org\/{rel}","templated":true}]}}